ommon factor of d and 18.
9
Suppose 5 = -2*z + z + 4*p, 0 = -4*z + 3*p + 6. Let i be 2/(-6) + 7/z. Suppose -4*o = -i*o - 48. What is the greatest common factor of 36 and o?
12
Suppose -4*f - 20 = -6*f. Suppose -2 = 2*b - 3*b. Calculate the highest common divisor of f and b.
2
Suppose -6 - 6 = 2*n + 4*c, 3*n - 3*c = 18. Let m be (n/(-4))/((-2)/288). Calculate the highest common factor of m and 8.
8
Suppose 5*u + 4*g - 3 = -2, 2 = -2*g. Let o be (-4)/((-1)/u) + 17. Calculate the highest common factor of 14 and o.
7
Let x(r) = r. Let p be x(-3). Let y = p + 7. Let g be -1 + y/2 - -10. Calculate the highest common divisor of g and 99.
11
Suppose -j + 7 = -3*t, j + 5*t + 0*t = 7. Suppose q + 0*q = j. What is the greatest common divisor of 1 and q?
1
Let a = 29 - 9. Suppose -i + 75 = i - 5*c, 175 = 3*i + 5*c. Calculate the highest common divisor of a and i.
10
Suppose 20 + 0 = 5*t. What is the greatest common divisor of 4 and t?
4
Suppose 0 = 4*u - w - 88, -4*w = -5*u - 27 + 148. Calculate the highest common factor of u and 189.
21
Let k(s) = -s**3 + 7*s**2 - 5*s - 4. Let n be k(6). Let r(d) = -d**2 + 8*d - 6. Let l be r(6). What is the greatest common divisor of n and l?
2
Suppose 232 - 1357 = -15*k. Calculate the highest common divisor of 60 and k.
15
Let l = -7 - -22. Suppose -l = -5*g - 35. Let j be ((-2)/g)/((-1)/(-12)). What is the highest common factor of j and 6?
6
Let r = 1039 + -1036. Let f(m) = -2*m + 3. Let q be f(2). Let p be 1 + 0 + (7 - q). What is the greatest common divisor of p and r?
3
Suppose 6*x - 84 = 5*x. Calculate the greatest common factor of x and 12.
12
Let l be 1*12*2/6. Let v be -22*(-2)/l - 2. Calculate the highest common divisor of v and 27.
9
Suppose 2*w + 5*f + 46 = f, 5*w + 5*f = -95. Let y = w + 36. What is the highest common divisor of y and 168?
21
Let n(s) = 5*s - 6. Let m be n(4). What is the highest common factor of 98 and m?
14
Let y(v) = 2*v**3 - 4*v**2 + 7*v - 14. Let s be y(4). Calculate the highest common factor of 39 and s.
39
Suppose -6 = -3*k - 3*z, 0*k - k - 3 = 2*z. Let d = 8 - k. Let g be (51 - -4) + (1 - d). What is the greatest common divisor of 11 and g?
11
Let q = 5 - 2. Suppose 4*t = q*t + 40. Suppose 3*n + 8 - 31 = 4*x, -2*x + 21 = 5*n. Calculate the greatest common factor of n and t.
5
Suppose -4*h + f = 2*f - 221, 3*h + 5*f - 170 = 0. What is the highest common divisor of h and 22?
11
Suppose 0 = -6*y + 4*y + 12. Calculate the greatest common factor of y and 6.
6
Suppose 0 = -6*f + 3*f + 15. Suppose -u + 48 = 3*z - 27, -u + f*z + 35 = 0. Calculate the highest common divisor of u and 24.
12
Let n = 18 + 4. Let c(o) = 2*o**2 + o. Let b be (2/6)/((-2)/(-30)). Let p be c(b). What is the highest common divisor of n and p?
11
Let r = 0 + 22. Calculate the highest common divisor of 2 and r.
2
Suppose 0 = -2*u + u - 16. Let f = u + 51. What is the highest common factor of f and 5?
5
Let l = -39 - -84. Let g = 11 + l. Calculate the highest common factor of g and 8.
8
Let c = -39 - -44. Calculate the highest common factor of 30 and c.
5
Suppose -2*a = 2*a + z - 152, -2*a + 82 = -z. Let l = 64 - a. Suppose 16 + 24 = 4*v. Calculate the greatest common factor of v and l.
5
Suppose -2*n + 50 = 2*h + h, 16 = n - 3*h. Calculate the highest common factor of n and 242.
22
Suppose 7*q - 4*q = 0. Suppose q = 7*y - 3*y - 4. What is the greatest common divisor of y and 1?
1
Let v be (-2784)/(-203) - (-3)/((-42)/(-4)). What is the highest common factor of 4 and v?
2
Let x be (57 + 2 - 4) + 2. Calculate the greatest common divisor of x and 38.
19
Let v = 22 + -7. Let m = -13 - -19. Let i = m + v. What is the greatest common divisor of i and 231?
21
Suppose -4 - 17 = -o. Suppose 0*h - 3*h = 0, -5*i - 3*h + 35 = 0. Calculate the highest common factor of i and o.
7
Let h = -2 + 4. Suppose 5*v + 4*q = 54, -v - h*v = q - 38. Let g(f) = 3*f**2 - 16*f. Let b be g(7). What is the greatest common factor of v and b?
7
Suppose -3*w - 15 = -v, 5*w - 77 = -0*v - 4*v. Calculate the highest common divisor of 4 and v.
2
Let q(s) be the first derivative of -s**2/2 + 4*s - 4. Let m be q(-6). Calculate the greatest common factor of 50 and m.
10
Let x(t) = -19*t**2 + t. Let k be x(-1). Let s = 35 + k. Let a = 49 + -19. What is the greatest common divisor of s and a?
15
Let c = -5 + 11. Suppose c*p = 3*p. Suppose p = -3*a - 3*t + 30, -5*t + 44 = 3*a + a. Calculate the greatest common divisor of 9 and a.
3
Suppose -2*b = 3*p - 19, -b = -3*p - p - 4. What is the highest common factor of b and 16?
8
Let r(y) = -y - 14. Let u be r(-21). Calculate the highest common divisor of 56 and u.
7
Suppose 0*h - 240 = -3*h. What is the highest common factor of h and 10?
10
Let l(c) = -c**2 - 19*c - 15. Let x be l(-18). Suppose 0 = 3*o - 5*o + 24. What is the greatest common divisor of o and x?
3
Let o(y) = 2*y**2 + 2 + 1 - 2 + 2*y. Let d be o(-2). Suppose -p + 7 = 3*f, 3*f - 2*p + p + 1 = 0. What is the greatest common factor of d and f?
1
Let h be 13/13 + 21/1. Calculate the greatest common factor of 11 and h.
11
Let n = 21 - 3. Let o(l) = l**2 - 3*l - 4. Let g be o(5). Suppose -n = -2*t + g. Calculate the highest common divisor of t and 4.
4
Let n = 2 + 1. Let a be (-4)/n*33/(-2). Suppose -5*c + 4*q = -0*c - 295, 3*c + q = 160. Calculate the greatest common factor of a and c.
11
Let u be (-1452)/55*10/(-3). What is the highest common divisor of u and 11?
11
Let s = -10 + 18. Let x = -3 + s. What is the highest common factor of 45 and x?
5
Let y = -2 + 5. Suppose -d = 5, -y*q + 2*d + 486 = q. Suppose 0*u - q = -u. Calculate the greatest common divisor of 17 and u.
17
Suppose -m + 4 + 46 = 0. Let u be (-1*6)/(-1 - 1). Let w be u/(-6)*0 - -20. Calculate the greatest common divisor of w and m.
10
Let w(a) = a**3 - 5*a**2 - 10*a - 4. Let n be w(7). What is the highest common divisor of 168 and n?
24
Suppose 3*i - 8*d - 144 = -4*d, 0 = -d - 3. Calculate the greatest common divisor of 44 and i.
44
Let k(m) = -m**3 - 2*m**2 + 2*m - 2. Let o be k(-3). Let p(v) = -v + 11. Let s be p(10). What is the greatest common divisor of o and s?
1
Let d(n) = 2*n - 5. Let b be d(25). Suppose -3*z + 2*j = 172, -j + 0*j - 1 = 0. Let c = -28 - z. Calculate the highest common divisor of b and c.
15
Suppose -2*m - 1 - 2 = -l, -2*m - 2 = 0. Let j be (l + -57)*(1 + -3). What is the greatest common factor of j and 16?
16
Let q(o) = o**2 - 6. Let w be q(5). Calculate the highest common factor of w and 209.
19
Let a be -16 - -14 - -1*3. What is the highest common factor of 3 and a?
1
Suppose 9 = 3*o, -y - 4*o + 15 = -18. Let b be 7*2/y*9. What is the greatest common divisor of b and 12?
6
Let n(k) = k**2 - 10*k. Let z be n(11). What is the highest common divisor of 99 and z?
11
Suppose 3*a = 2*w - 3*w + 342, 0 = w + 2*a - 341. Let m be 3/(w/330 - 1). Calculate the highest common divisor of m and 10.
10
Let a be 16/(1 - -1) + 1. Let n = -7 + a. Calculate the greatest common divisor of 5 and n.
1
Suppose 0 = -11*f + 16*f - 200. Calculate the highest common divisor of f and 16.
8
Suppose -2*g + 5 = 1. Let z(x) = -x**2 + 9*x - 2. Let l be z(8). Calculate the highest common factor of l and g.
2
Let n be 2 - (-8)/(-12)*-3. What is the greatest common factor of 8 and n?
4
Suppose 79 = -5*s + 274. Calculate the highest common divisor of 13 and s.
13
Let o(n) be the first derivative of n**4/4 - 2*n**3/3 + n**2/2 - n + 3. Let z be o(2). What is the greatest common divisor of 8 and z?
1
Let h be (0 - (-126)/5) + 2/(-10). Calculate the highest common divisor of h and 275.
25
Let b be (-3 + 3)/(3 - 2). Suppose b = 3*n - 5 - 55. Calculate the highest common divisor of n and 10.
10
Let i be (-125)/15 + (-4)/6. Let m be 0 + i/3 + 23. Calculate the greatest common factor of 50 and m.
10
Let f(l) = l - 1. Let i be f(4). Let y be (-9)/(-1)*5/i. Suppose -u + q - y = -4*q, -2*q + 10 = 0. What is the greatest common divisor of u and 2?
2
Let r be 1/4 + (-230)/(-40). Let l = r + 1. Calculate the highest common factor of l and 49.
7
Let t = 1 - 1. Let j = -3 - t. Let f be j/2*(-52 + 2). Calculate the highest common divisor of 15 and f.
15
Let i(f) = 43*f**2 - f. Let k be i(1). What is the greatest common divisor of 21 and k?
21
Let j be (-1)/(-1 - 2/(-3)). Suppose -2*i - 4*l = -14, 0*l + 3 = j*i - 